 230930.
42
Calculate the remainder when 36479 is divided by 2805.
14
Calculate the remainder when 80166 is divided by 16031.
11
Calculate the remainder when 28069 is divided by 38.
25
Calculate the remainder when 807 is divided by 74.
67
What is the remainder when 2076 is divided by 121?
19
Calculate the remainder when 61888 is divided by 188.
36
What is the remainder when 3447 is divided by 1144?
15
Calculate the remainder when 79884 is divided by 1170.
324
Calculate the remainder when 1956 is divided by 240.
36
Calculate the remainder when 5412 is divided by 15.
12
Calculate the remainder when 5280 is divided by 140.
100
Calculate the remainder when 234634 is divided by 1564.
34
What is the remainder when 9396 is divided by 1526?
240
What is the remainder when 1981 is divided by 351?
226
What is the remainder when 559698 is divided by 418?
414
What is the remainder when 11340 is divided by 58?
30
Calculate the remainder when 6800440 is divided by 1914.
1912
What is the remainder when 1340 is divided by 301?
136
What is the remainder when 11032 is divided by 97?
71
Calculate the remainder when 21159 is divided by 347.
339
What is the remainder when 67118 is divided by 587?
200
Calculate the remainder when 15481 is divided by 30.
1
Calculate the remainder when 589 is divided by 439.
150
Calculate the remainder when 150459 is divided by 36.
15
What is the remainder when 9340 is divided by 267?
262
Calculate the remainder when 7855 is divided by 187.
1
Calculate the remainder when 27823 is divided by 112.
47
Calculate the remainder when 8726 is divided by 2907.
5
Calculate the remainder when 2434 is divided by 163.
152
Calculate the remainder when 39826 is divided by 13254.
64
What is the remainder when 15192 is divided by 1?
0
What is the remainder when 3565 is divided by 524?
421
Calculate the remainder when 680 is divided by 56.
8
Calculate the remainder when 18176 is divided by 20.
16
Calculate the remainder when 78 is divided by 29.
20
What is the remainder when 44458 is divided by 18?
16
Calculate the remainder when 13 is divided by 1.
0
What is the remainder when 23717 is divided by 58?
53
What is the remainder when 1614 is divided by 423?
345
Calculate the remainder when 59749 is divided by 125.
124
Calculate the remainder when 24327 is divided by 70.
37
Calculate the remainder when 97773 is divided by 166.
165
Calculate the remainder when 78170 is divided by 99.
59
What is the remainder when 54079 is divided by 64?
63
Calculate the remainder when 4892 is divided by 2050.
792
Calculate the remainder when 2588 is divided by 514.
18
What is the remainder when 390400 is divided by 15?
10
What is the remainder when 1874823 is divided by 162?
159
Calculate the remainder when 19906 is divided by 158.
156
What is the remainder when 3609 is divided by 95?
94
What is the remainder when 1981633 is divided by 330272?
1
Calculate the remainder when 99562 is divided by 272.
10
Calculate the remainder when 14398 is divided by 29.
14
What is the remainder when 1085 is divided by 272?
269
Calculate the remainder when 91671 is divided by 463.
460
What is the remainder when 14277 is divided by 42?
39
What is the remainder when 1503 is divided by 631?
241
What is the remainder when 354938 is divided by 20?
18
Calculate the remainder when 8640 is divided by 44.
16
What is the remainder when 46495 is divided by 11623?
3
What is the remainder when 1091 is divided by 188?
151
What is the remainder when 3621 is divided by 302?
299
What is the remainder when 964799 is divided by 144?
143
What is the remainder when 33631 is divided by 67?
64
Calculate the remainder when 341117 is divided by 20.
17
What is the remainder when 4804 is divided by 4733?
71
What is the remainder when 9715 is divided by 521?
337
What is the remainder when 620148 is divided by 50?
48
Calculate the remainder when 7462 is divided by 3702.
58
Calculate the remainder when 7256552 is divided by 19.
15
Calculate the remainder when 128694 is divided by 314.
268
What is the remainder when 59286 is divided by 19741?
63
What is the remainder when 5517 is divided by 112?
29
Calculate the remainder when 146817 is divided by 13346.
11
What is the remainder when 4284 is divided by 673?
246
What is the remainder when 2773 is divided by 43?
21
What is the remainder when 287735 is divided by 714?
707
What is the remainder when 2253 is divided by 573?
534
Calculate the remainder when 215934 is divided by 915.
909
What is the remainder when 15954 is divided by 103?
92
Calculate the remainder when 125410 is divided by 29.
14
What is the remainder when 14110 is divided by 10?
0
What is the remainder when 185189 is divided by 22?
15
What is the remainder when 2137 is divided by 221?
148
Calculate the remainder when 109278 is divided by 191.
26
What is the remainder when 3794 is divided by 76?
70
What is the remainder when 17232 is divided by 69?
51
What is the remainder when 6652 is divided by 64?
60
Calculate the remainder when 3579324 is divided by 145.
144
Calculate the remainder when 864 is divided by 316.
232
Calculate the remainder when 571793 is divided by 6.
5
Calculate the remainder when 2266 is divided by 205.
11
Calculate the remainder when 2899 is divided by 125.
24
What is the remainder when 1736278 is divided by 126?
124
Calculate the remainder when 13370 is divided by 393.
8
Calculate the remainder when 1702 is divided by 846.
10
What is the remainder when 3490 is divided by 113?
100
What is the remainder when 22412 is divided by 368?
332
What is the remainder when 319522 is divided by 3?
1
Calculate the remainder when 326692 is divided by 25.
17
What is the remainder when 4179 is divided by 673?
141
What is the remainder when 1980379 is divided by 309?
307
Calculate the remainder when 6733 is divided by 2170.
223
Calculate the remainder when 529 is divided by 16.
1
What is the remainder when 10342 is divided by 68?
6
What is the remainder when 28545 is divided by 17?
2
Calculate the remainder when 454087 is divided by 962.
23
Calculate the remainder when 104633 is divided by 112.
25
What is the remainder when 16763 is divided by 5?
3
What is the remainder when 33726 is divided by 1775?
1
Calculate the remainder when 2910 is divided by 962.
24
Calculate the remainder when 1633884 is divided by 2.
0
Calculate the remainder when 1177414 is divided by 127.
124
What is the remainder when 2326 is divided by 139?
102
What is the remainder when 4163 is divided by 199?
183
What is the remainder when 244099 is divided by 244089?
10
What is the remainder when 104239 is divided by 28?
23
What is the remainder when 20526 is divided by 446?
10
Calculate the remainder when 2458179 is divided by 119.
115
What is the remainder when 4341 is divided by 53?
48
What is the remainder when 31884 is divided by 214?
212
What is the remainder when 8332 is divided by 27?
16
Calculate the remainder when 1164 is divided by 827.
337
Calculate the remainder when 678965 is divided by 11316.
5
Calculate the remainder when 46602 is divided by 15.
12
Calculate the remainder when 9705 is divided by 323.
15
What is the remainder when 260725 is divided by 79?
25
Calculate the remainder when 9449 is divided by 1569.
35
What is the remainder when 453 is divided by 173?
107
What is the remainder when 1788 is divided by 131?
85
What is the remainder when 1065 is divided by 379?
307
Calculate the remainder when 41535 is divided by 20717.
101
What is the remainder when 17514 is divided by 268?
94
What is the remainder when 16758 is divided by 928?
54
What is the remainder when 8055 is divided by 2027?
1974
Calculate the remainder when 8910 is divided by 226.
96
What is the remainder when 11764 is divided by 46?
34
What is the remainder when 426102 is divided by 2879?
10
What is the remainder when 50006 is divided by 4?
2
What is the remainder when 37172 is divided by 598?
96
Calculate the remainder when 1536319 is divided by 1536313.
6
What is the remainder when 9115 is divided by 106?
105
Calculate the remainder when 4531 is divided by 754.
7
What is the remainder when 24963 is divided by 616?
323
Calculate the remainder when 56930 is divided by 11368.
90
What is the remainder when 6255 is divided by 3126?
3
What is the remainder